nits digit of m?
8
Let c(n) = n + 71 - 261*n**2 + 262*n**2 + n. Let r(b) = -b**2 + 4. Let d be r(-2). What is the tens digit of c(d)?
7
Suppose -6*j + 84 = -2*j. Suppose 2*k = -5*h + 24, -h - 7 = -2*k + 17. Suppose 0 = -3*y + j - k. What is the units digit of y?
3
Let j(u) = 3*u - 4. Suppose -2*g + 9*g = -77. Let a(p) = -p - 6. Let n be a(g). What is the tens digit of j(n)?
1
Let a = 30315 + -13758. What is the hundreds digit of a?
5
Let o = 275 - 474. Let r = -188 - o. What is the units digit of r?
1
Let x = -406 - -413. Suppose 3*c - 1418 = -5*u, -4*u - 4*c = -x*u + 845. What is the tens digit of u?
8
Let p = 12827 + -7893. What is the hundreds digit of p?
9
Let b = 37186 + -11431. What is the ten thousands digit of b?
2
Let a = 43 + -66. Let z(c) = -26*c + 31. Let f be z(-1). Let r = a + f. What is the units digit of r?
4
Suppose 3*l - 9 = -3*c, -4*c + 0*l + 3*l = -19. Suppose 3*y + 2*i = 19, 3*y = c*i - i + 9. What is the units digit of (y/(-15))/((-1)/747)?
9
What is the thousands digit of (7*15/35)/(-1) - 6805/(-1)?
6
Suppose -1137360 = 272*y - 292*y. What is the hundreds digit of y?
8
Let d be 0 - (8/(-4) + -1). Suppose -8*a + 9*a = d. Suppose 12 + 96 = a*v. What is the tens digit of v?
3
What is the thousands digit of (7 - (7 + -10)) + 1637?
1
Let c = 51 - 47. Let y be (4/6)/(c/10014) + 2. Suppose -11*u + 1541 = -y. What is the units digit of u?
2
Let j be -1*2*((-25)/10 - -1). Suppose -j*o - 137 = 2*g - 3*g, -4*g = -4*o - 580. Suppose 2*d - 290 = -0*d + 2*x, -2*x = -d + g. What is the units digit of d?
1
Let w(k) = -k**3 + 36*k**2 - 68*k + 21. Let i be w(34). Suppose -4*f - 9 = 31. Let g = i - f. What is the tens digit of g?
3
Let r = 9119 + 1982. What is the hundreds digit of r?
1
Suppose 44*s = 100*s - 36*s - 109060. What is the hundreds digit of s?
4
Let k = 12085 - 6176. Suppose 31*j - k = 12*j. What is the hundreds digit of j?
3
Suppose 0 = -4*a - 8 + 12. What is the tens digit of -3*a*(-60)/(-36) + 603?
9
Let r = 9359 - 2029. Suppose -8*g + r = 2*g. What is the units digit of g?
3
Suppose 1112*r = 1116*r - 36256. What is the hundreds digit of r?
0
Let p = 204 - 74. What is the units digit of (-190)/(-4) + p/(-52)?
5
Suppose -5*x - 15 = 4*l + 2, 2*x + 4 = -3*l. Let i(p) = 11*p**3 - p**2 - 2. Let u be i(l). Let o = u - 59. What is the units digit of o?
3
Suppose 49*i - 534261 = i - 9*i. What is the hundreds digit of i?
3
Let a be (-8)/(2 - 6) + 1. Suppose 2*f = -4, -2*y - f + 14 = -0*f. Suppose -a*i = y*i - 517. What is the units digit of i?
7
Suppose 76 = -21*i - 2675. Let m = 303 + i. Suppose y - m = -3*y. What is the tens digit of y?
4
Suppose 2*o - 12 = -8. Let a be (-3 - -3)*1 + o. What is the units digit of (a - (-3)/3)/((-1)/(-4))?
2
Let i be (-14)/(-10) + -2 + (-139876)/(-110). Let l = i - 625. What is the tens digit of l?
4
Suppose 100*z - 188730 = 10*z. What is the hundreds digit of z?
0
Let w(n) = 532*n**2 - 74*n - 29. What is the units digit of w(6)?
9
Suppose 329*y - 636489 = 2397220. What is the thousands digit of y?
9
Let w(g) = -74*g**2 - 19*g + 5. Let i(u) = -35*u**2 - 10*u + 3. Let y(b) = -5*i(b) + 2*w(b). What is the tens digit of y(5)?
3
Let i(y) = 157*y - 34. Let x(g) = -5*g + 124. Let n be x(24). What is the hundreds digit of i(n)?
5
Let f be -12 + (-45)/(-5) + -5. Let o(b) be the first derivative of b**4/4 + 3*b**3 - 5*b**2 - 6*b - 3. What is the units digit of o(f)?
8
Let k be (-5)/((3/(-1))/27). Suppose -l - 4*l - 115 = -5*u, -5*l - 124 = -2*u. Let f = k + l. What is the units digit of f?
9
Let t(y) = 3*y + 3*y - 2*y - 5*y + 2. Let g be t(-7). What is the tens digit of (164/14)/(g/63)?
8
Let s = 58 - 64. What is the units digit of -1*(7032/s)/4?
3
Suppose 327*t - 9340160 = 167*t. What is the tens digit of t?
7
Let q = -1215 - -10866. What is the thousands digit of q?
9
Let c(i) = 10 + 6 - 4*i + 7 - i**3 - 10*i**2. Let j(m) = m**3 + 13*m**2 - 14*m - 10. Let t be j(-14). What is the tens digit of c(t)?
6
Suppose 22*q - 21*q = -2*x + 12, 5*q - 27 = x. Suppose 4*m + 57 = 5*m. Let i = m + x. What is the tens digit of i?
6
Let m(g) = g - 2. Let a(z) = -2*z**2 + z + 277. Let s(p) = a(p) - 3*m(p). What is the units digit of s(0)?
3
Let l(j) = -3*j - 13. Let u be l(-6). Suppose -2*b + 6*b - 35 = -a, u*b - 55 = -5*a. Suppose -b*o - 64 = -12*o. What is the units digit of o?
6
Suppose -138694 = -4*r - 5*a, -12*r + 11*r + 34678 = 2*a. What is the units digit of r?
6
Let s(z) = -3*z + 48. Suppose 4*l + 43 = 299. Let m = l + -60. What is the tens digit of s(m)?
3
Let y = -988 - -1000. What is the hundreds digit of 3818/y - (-5)/(-30)?
3
Suppose -2*w + 2364 = -4*v, -w + v - 530 = -1707. What is the units digit of w?
2
Let j(f) be the second derivative of -130*f**3/3 - 17*f**2 + 96*f. What is the hundreds digit of j(-5)?
2
Suppose -1442 - 1646 = 8*k. Let w = -267 - k. What is the hundreds digit of w?
1
Let a = -16023 + 34726. What is the hundreds digit of a?
7
Suppose -11*v + 9*v + 3*n + 7463 = 0, 2*n - 3749 = -v. What is the thousands digit of v?
3
Suppose 2803 = 4*r + 767. What is the hundreds digit of -3 - -7 - (-3 - r)?
5
Let z(a) = -a**2 - a + 1. Let c(g) = -3*g**2 - 10*g - 6. Let m(n) = -c(n) + 4*z(n). Let b be m(7). What is the units digit of 1 - (2/(-5))/(b/180)?
5
Suppose -20369 = 7*u - 114217 - 147876. What is the thousands digit of u?
4
Let q = -7500 + 10803. Suppose -5*r - 6*j = -4*j - q, -1993 = -3*r - 4*j. What is the units digit of r?
9
Let g = 92 - 92. Suppose g = -2*d - r + 4 + 15, -3*r - 43 = -4*d. Suppose -d = -2*b, 4*u - 4*b - b = 323. What is the tens digit of u?
8
Suppose g - 5 = 0, -g + 5 - 12 = z. Let k be z/66 + 119/(-11). Let y = 70 - k. What is the tens digit of y?
8
Let r(t) = t**3 - 4*t**2 + 2*t - 3. Suppose -8 = -9*c + 7*c. Let u be r(c). Suppose 0*f + 3*f + 161 = 2*l, 5*f = u. What is the units digit of l?
2
Suppose 4*q - 77264 = -4*g, 2*g + 17 = 13. What is the hundreds digit of q?
3
Let l(b) = 229*b + 20. Let m = -170 - -174. What is the tens digit of l(m)?
3
Suppose 4*c - 84440 = -4*h, 0 = -89*h + 87*h - 12. What is the hundreds digit of c?
1
Let n(v) be the second derivative of v**4/3 - 7*v**3/3 + 15*v**2 - 96*v. What is the tens digit of n(9)?
2
Let y = -178 - -331. Suppose 4*f = 2*p - 22, -f + 27 = -5*f + 3*p. Let z = y - f. What is the tens digit of z?
5
Let n(d) be the third derivative of d**6/60 - d**5/12 + d**4/12 + d**3/2 - 6*d**2. Suppose 0 = -8*g + 12*g - 20. What is the tens digit of n(g)?
3
Suppose -1748 = 4*r + 4*i - 8092, -2*r - i + 3174 = 0. What is the hundreds digit of r?
5
Suppose 49309 = 52*f - 138047. What is the hundreds digit of f?
6
Suppose -281039 = -46*n + 82*n - 47*n. What is the tens digit of n?
4
Let k(h) = 17*h - 112. Let w(t) = -t - 2. Let v(d) = k(d) + 5*w(d). What is the tens digit of v(30)?
3
Let c(z) = -z**2 + 13*z + 38. Let u be c(15). Suppose -3 = -2*p - d, -20 - u = -2*p + 4*d. Suppose 0*g - 404 = -p*g. What is the tens digit of g?
0
Let d = -819 - -497. Let t(v) = -21*v - 261. Let a be t(-34). Let q = d + a. What is the tens digit of q?
3
Let d be (-2)/(-5) - 28292/55. Let n = d + 701. What is the tens digit of n?
8
Let j(r) = 34*r**3 - 2*r**2 + 17*r - 31. What is the hundreds digit of j(9)?
7
What is the thousands digit of 22159 + 69 - (-3 + 4/2)?
2
Suppose 18*u + 740228 + 518957 = 89*u. What is the tens digit of u?
3
Let r(i) = 3*i**2 + 9*i - 2. Let t(w) = 9*w**2 + 27*w - 7. Let u(b) = -8*r(b) + 3*t(b). Let l be u(3). Let q = l - 21. What is the units digit of q?
8
Let f(o) = 850*o**2 - 7*o - 5. Let n = 392 - 393. What is the tens digit of f(n)?
5
Suppose -4*i + 5*l = 3*l - 45406, 56705 = 5*i + 5*l. What is the units digit of i?
8
Let p be 18*84/108*(-6)/(-21). Suppose 4*n + 1446 = 2*r, -p*r - 2*n - 271 = -3113. What is the tens digit of r?
1
Suppose 0 = -u + 3, 0 = -3*i - 2*i + 3*u + 1. Suppose i*k = 3*k. Suppose k = 2*t - 2*y - 256, 0 = -5*y - 0*y. What is the hundreds digit of t?
1
Suppose 4*t - 15*t + 209 = 0. Suppose 2*b + 544 = t*b. What is the units digit of b?
2
Let x(n) = n**2 + 33*n + 2. Let w be x(-7). What is the hundreds digit of (-77238)/w + 2/(-20)?
4
Let t(u) = u**3 - 3*u**2 - 16*u + 8. Let o be t(6). Suppose o*a = 15*a + 1465. What is the units digit of a?
3
Let g = 821 - 337. Suppose -j + g = 4*q + 89, 485 = 5*q + 3*j. Suppose 